5170299 a multiple of 81?
False
Is 31428144 a multiple of 396?
True
Does 6750 divide 806497585?
False
Is 2959212164 a multiple of 5753?
False
Does 443 divide 341898054?
False
Does 49 divide 18888175?
False
Is 947699696 a multiple of 643?
True
Is 453 a factor of 147540741?
True
Is 135 a factor of 11551343?
False
Is 346730440 a multiple of 820?
True
Is 1458615420 a multiple of 15?
True
Is 122 a factor of 2775822350?
False
Is 100676184 a multiple of 2478?
True
Is 18368548 a multiple of 2?
True
Does 73 divide 25089881?
True
Does 46 divide 2392873?
False
Is 107 a factor of 303024642?
True
Does 1260 divide 68702760?
True
Is 803 a factor of 421077101?
False
Does 54 divide 110650760?
False
Is 690396245 a multiple of 385?
True
Does 597 divide 1404144?
True
Does 26 divide 63987300?
True
Does 97 divide 20922023?
False
Is 146138757 a multiple of 69?
True
Is 299 a factor of 42892845?
False
Is 1182 a factor of 525538476?
True
Is 29 a factor of 14024714?
False
Does 2704 divide 1816887904?
True
Does 483 divide 58467150?
True
Does 689 divide 386887772?
False
Is 56696812 a multiple of 134?
False
Is 10566864 a multiple of 73?
False
Is 271369331 a multiple of 4307?
False
Does 4 divide 845834154?
False
Is 841 a factor of 541847360?
False
Does 78 divide 16121586?
True
Is 133 a factor of 625938?
False
Is 1547 a factor of 433596254?
True
Is 37837359 a multiple of 2?
False
Is 617 a factor of 1288980870?
True
Is 4435 a factor of 1062594920?
False
Is 28139100 a multiple of 36?
False
Is 76605568 a multiple of 19?
True
Is 17 a factor of 727002?
False
Is 723613771 a multiple of 37?
False
Does 17 divide 27987051?
False
Is 17321965 a multiple of 672?
False
Is 723772270 a multiple of 952?
False
Is 5 a factor of 2099586?
False
Does 53 divide 510944274?
True
Is 554082298 a multiple of 5?
False
Does 262 divide 35853652?
True
Is 202 a factor of 235616638?
True
Is 283773728 a multiple of 11?
False
Is 390 a factor of 56694690?
True
Is 230 a factor of 19153824?
False
Does 1537 divide 42008091?
False
Is 78 a factor of 21510052?
False
Is 23 a factor of 4143940736?
False
Is 299 a factor of 162707428?
True
Does 4 divide 21318752?
True
Is 40 a factor of 7667520?
True
Does 253 divide 40299358?
True
Does 64 divide 50165696?
True
Is 1203 a factor of 23900596?
False
Does 20 divide 650080?
True
Is 10 a factor of 5420906?
False
Is 19 a factor of 81563945?
False
Is 18687992 a multiple of 114?
False
Is 48398698 a multiple of 2078?
True
Does 158 divide 178452709?
False
Does 201 divide 406458984?
True
Is 304701051 a multiple of 6059?
True
Is 133 a factor of 163944804?
False
Is 29 a factor of 499795450?
False
Is 67891186 a multiple of 1249?
False
Is 15 a factor of 345062610?
True
Is 116176014 a multiple of 18?
True
Does 5 divide 7854515?
True
Does 13 divide 559769481?
False
Is 535258303 a multiple of 2?
False
Is 1775 a factor of 13542194?
False
Does 65 divide 379436047?
False
Is 3037514496 a multiple of 309?
True
Is 34846944 a multiple of 13?
False
Is 2 a factor of 8020168?
True
Is 67 a factor of 3655855?
True
Is 95986335 a multiple of 67?
False
Is 15 a factor of 22684080?
True
Is 81026820 a multiple of 63?
True
Does 3 divide 1309987?
False
Is 3591156 a multiple of 101?
True
Is 6 a factor of 531835950?
True
Is 59 a factor of 262196?
True
Is 225228 a multiple of 6?
True
Is 16 a factor of 499933125?
False
Does 417 divide 369252249?
True
Is 5 a factor of 1042071?
False
Is 1651 a factor of 90497972?
False
Does 304 divide 52573152?
True
Is 329 a factor of 36007405?
True
Does 3 divide 216215606?
False
Is 159519595 a multiple of 4?
False
Does 99 divide 44208340?
False
Is 1527 a factor of 69912168?
True
Does 5 divide 12614769?
False
Is 260 a factor of 306171840?
True
Does 84 divide 14453712?
True
Is 817 a factor of 1848256616?
True
Is 6 a factor of 484531560?
True
Is 177 a factor of 82811592?
False
Does 4907 divide 1314980683?
False
Is 82042665 a multiple of 1758?
False
Does 545 divide 17893194?
False
Does 392 divide 302712592?
True
Does 139 divide 34511059?
True
Does 1456 divide 2064608?
True
Is 34508632 a multiple of 441?
False
Is 882 a factor of 673498728?
True
Is 187194984 a multiple of 94?
True
Does 1423 divide 140060198?
True
Is 5 a factor of 476785120?
True
Is 3464242 a multiple of 302?
True
Is 639134356 a multiple of 28?
True
Does 516 divide 21166320?
True
Is 274122112 a multiple of 484?
True
Is 571 a factor of 598192455?
False
Does 14 divide 70594493?
False
Is 178080996 a multiple of 1311?
True
Does 636 divide 19086803?
False
Is 59 a factor of 338766320?
False
Does 737 divide 19194428?
True
Does 23 divide 140224661?
False
Is 62916008 a multiple of 89?
False
Is 3133078458 a multiple of 51?
False
Is 282968982 a multiple of 258?
True
Does 71 divide 563114135?
True
Does 1679 divide 124270692?
False
Is 4383197 a multiple of 7?
True
Does 685 divide 724515595?
True
Does 6696 divide 344837304?
True
Is 1766432250 a multiple of 250?
True
Does 12 divide 653806896?
True
Is 302 a factor of 58066493?
False
Does 5 divide 187686685?
True
Does 10 divide 75623010?
True
Is 663834914 a multiple of 1446?
False
Is 64932668 a multiple of 1580?
False
Is 38 a factor of 34389544?
True
Does 156 divide 12925848?
True
Is 57437953 a multiple of 515?
False
Does 12 divide 35038644?
True
Does 1122 divide 53885410?
False
Does 193 divide 735128122?
True
Is 32 a factor of 777704317?
False
Is 17 a factor of 1766220671?
False
Does 30 divide 75614278?
False
Is 1548645538 a multiple of 522?
False
Is 1535005998 a multiple of 4842?
True
Does 50 divide 12648317?
False
Is 167519880 a multiple of 55?
True
Is 918416341 a multiple of 14?
False
Does 10 divide 930967270?
True
Does 18 divide 4886315853?
False
Is 3846385 a multiple of 2?
False
Is 26 a factor of 62468162?
False
Is 316 a factor of 280043709?
False
Does 7 divide 15199843?
False
Is 48314136 a multiple of 52?
True
Is 254 a factor of 35441890?
True
Does 326 divide 7045994?
False
Does 18 divide 280566?
True
Is 1868 a factor of 992535422?
False
Is 26 a factor of 256743500?
True
Does 1431 divide 11854404?
True
Is 2602332 a multiple of 14?
False
Is 3 a factor of 895030742?
False
Is 10 a factor of 29411220?
True
Is 6 a factor of 18034618?
False
Is 118379056 a multiple of 8?
True
Does 1755 divide 878172165?
True
Does 358 divide 726407418?
True
Is 32706774 a multiple of 18?
True
Is 355 a factor of 46988155?
True
Does 10 divide 117787599?
False
Does 784 divide 253761200?
True
Is 1105 a factor of 770693300?
True
Does 9 divide 5323843?
False
Is 248449628 a multiple of 197?
False
Does 426 divide 26793790?
False
Is 32703286 a multiple of 77?
True
Is 1604092022 a multiple of 13?
True
Is 28665380 a multiple of 1800?
False
Is 13225119 a multiple of 16?
False
Does 1532 divide 622842260?
True
Does 19 divide 81825457?
True
Is 145 a factor of 16233334?
False
Is 123056950 a multiple of 25?
True
Is 130443465 a multiple of 51?
True
Does 13 divide 79013506?
True
Is 255 a factor of 1390577?
False
Is 144 a factor of 1303235794?
False
Does 3526 divide 986962660?
True
Does 7 divide 236787328?
False
Is 133699056 a multiple of 2721?
True
Does 2102 divide 97295274?
True
Is 769 a factor of 855128?
True
Is 371695029 a multiple of 151?
False
Is 938010 a multiple of 3?
True
Is 17492459 a multiple of 6?
False
Is 78 a factor of 244203414?
True
Is 1078905438 a multiple of 9?
True
Is 38 a factor of 18524278?
True
Is 115448502 a multiple of 1047?
True
Is 12200868 a multiple of 162?
True
Does 69 divide 75080035?
False
Is 15 a factor of 197898750?
True
Is 25103871 a multiple of 61?
False
Is 110 a factor of 1902513?
False
Is 55 a factor of 2741200?
True
Is 21960048 a multiple of 398?
True
Does 904 divide 1016656251?
False
Is 1464686600 a multiple of 949?
True
Is 134 a factor of 6078508?
True
Is 708 a factor of 1296459864?
True
Is 50 a factor of 4942850?
True
Is 1961390555 a multiple of 290?
False
Is 152595037 a multiple of 899?
False
Does 101 divide 77261475?
False
Does 10 divide 412516050?
True
Is 377480394 a multiple of 458?
True
Is 6102157 a multiple of 47?
False
Is 114 a factor of 10708747?
False
Is 5 a factor of 36615796?
False
Is 85 a factor of 6195948?
False
Is 436 a factor of 63880368?
False
Is 1623 a factor of 147772527?
True
Is 33 a factor of 179954382?
False
Does 96 divide 10868569?
False
Is 91515889 a multiple 